(0).
-11
Suppose -130 = -4*z + k - 0*k, k = 3*z - 97. Suppose -15*m + z = -117. Let n(y) = -6*y + 5 - m*y - y**2 + 17*y. What is n(4)?
-7
Let g(k) = 3*k**3 + 4*k**2 + 7*k - 3. Let u(f) = 7*f**3 + 7*f**2 + 15*f - 5. Let o(y) = -5*g(y) + 2*u(y). Let z = -113 - -108. Calculate o(z).
5
Let z(y) = -18*y - 223. Let b be -13 + -18*(-3)/6 + -8. Calculate z(b).
-7
Let i(s) = 5*s**2 + 159*s + 242. Let o be i(-30). Let y(q) = q**2 + 28*q + 21. What is y(o)?
21
Let y(g) = g + 2*g**2 - 12*g**2 - 2*g - 20*g. Determine y(-2).
2
Let w be 17/(5 + (-39)/8). Let i(g) = 135*g**2 + 3 + 1 + 2 - w*g**2 + 4*g. Calculate i(4).
6
Suppose -8*n + 4*n = 20. Let z be (-2 - n/3) + 21/9. Let g(c) = 6*c - 6 - 48*c**2 - 52*c**z + 99*c**2. Calculate g(6).
-6
Let l(p) = -p**2 + p - 2. Let k be l(4). Let i be ((-8)/k)/((27/3)/63). Let y(a) = 3*a**2 - 4*a - 4. Calculate y(i).
28
Let o(a) = 9*a + 2. Let k = -147 + 149. Let u be (0 + 0 + k)/(2*-1). Determine o(u).
-7
Let c(h) = -57 + h - 8*h - 53 - 59 + 161. Give c(-6).
34
Let n(i) = i**3 - i**2 + i + 1. Let h(r) = 4*r**2 + 3*r. Suppose -6*l - 772 = -778. Let f(u) = l*n(u) - h(u). Give f(4).
-23
Let b(n) be the second derivative of -n**4/12 + n**3/2 + 3*n**2/2 + 13470*n + 1. Let p be (0 + 2 + -2)/(-3). Suppose -t - 3*t + 24 = p. Give b(t).
-15
Let q(i) = -3*i + 9. Suppose 15*z + 28 = 19*z. Let p(g) = 3*g + 7. Let t(l) = 2*l + 5. Let o(v) = 5*p(v) - 7*t(v). Let b be o(z). Calculate q(b).
-12
Let u(p) = -2*p - 4. Let s(f) = -9*f**2 + 9*f + 3. Let l be s(2). Let v be -2*(51/12 + l/(-12)). Give u(v).
18
Let f(x) be the second derivative of -5 - 2/3*x**4 + 0*x**3 - 1/2*x**2 - 9*x - 1/20*x**5. What is f(-8)?
-1
Let s(k) = 7 + 2*k + 2*k**2 + 5 - 14. Let d be s(1). Let f(n) = n + 1. Let h(x) = 2*x + 3. Let g(w) = 3*f(w) - h(w). What is g(d)?
2
Let n(f) = f**2 - 7*f + 6. Let a(r) = 2262*r + 4. Let o be a(0). Determine n(o).
-6
Let d(q) be the second derivative of q**4/12 + 4*q**3/3 - 8*q**2 + 3*q + 3. Let l be d(-9). Let s(g) = g**2 + 7*g - 7. Calculate s(l).
-7
Suppose -l = 5*z - 1, -z - 2*z = 5*l - 5. Let n(i) = -l - 1 + 32*i - 1 - 33*i. Let h(q) = q + 4. Let x(t) = 2*h(t) + 3*n(t). Calculate x(-1).
0
Let s(k) = 6*k + 1. Suppose -9*i = 6*i + 3060. Let l = i + 209. Determine s(l).
31
Let x(f) = 258*f + 1. Let r(a) = -1293*a + 63. Let i(y) = r(y) + 5*x(y). Calculate i(6).
50
Let h be 63/42 - (-7203)/6. Suppose 1196*a - 24 = h*a. Let c(i) be the second derivative of i**3/3 + 5*i**2/2 - 2*i. What is c(a)?
-3
Let m(v) = -v**3 - 9*v**2 + 14*v + 14. Suppose -471 = 66*a + 189. Give m(a).
-26
Let u(k) = 5*k + 43. Suppose 2*g + 5*c + 16 = 7*c, -c - 10 = g. Give u(g).
-2
Let v(k) = -4 + 3 - 80*k**2 + 81*k**2 + 11*k. Suppose 0 = j + 5*g + 15, 0 = 26*g - 23*g + 3. Give v(j).
-11
Let n(s) = 59*s**3 + 4*s**2 - 2*s - 1. Suppose -4*c = 2*k - 14, -10 + 7 = -c. Calculate n(k).
60
Let t(c) = -4*c + 3. Let n(o) = -o. Let a(l) = -2*n(l) - 2*t(l). Let k(v) = 3*v - 1. Let m(s) = 2*a(s) - 9*k(s). Give m(-3).
18
Let a = 267 + -256. Let c(j) = -j + a*j - 4 - 6*j - j. What is c(7)?
17
Let m(k) = 0*k - 9*k + 19*k - k - 42. Calculate m(6).
12
Let n(w) = w**2 + 9*w - 25. Let j(h) = 3*h**2 - 47*h + 92. Let y be j(13). Calculate n(y).
11
Let s(l) = 35*l + 20. Let i be s(7). Let u = 271 - i. Let n(r) = -r - 2. Give n(u).
-8
Let h(z) = 5*z**2 + 6*z - 1. Let y(t) = t - 20. Let u be y(22). Let d(a) = a**2 - 2*a + 1. Let o(f) = u*d(f) + h(f). What is o(-1)?
6
Let b(j) = -j**2 - 6*j - 4. Suppose 6 = 3*y + 27. Let z be (9 + y)/(3/(30/4)). Suppose -4*w + 13 = -z*h - w, -4*h - 3*w - 32 = 0. Calculate b(h).
1
Let k(w) = 0*w + 15 + 0*w - w - 9 - w. Give k(6).
-6
Let t(q) = -q**3 - q**2 + 1. Let b(v) be the third derivative of -v**6/24 - 4*v**5/15 + v**3/2 - 79*v**2 - v. Let k(s) = -b(s) + 4*t(s). What is k(-12)?
1
Let n(w) = -3*w - 1. Let a = 4020 - 4016. Suppose -4*f - 35 = -4*t + 5, 5*f = -5*t. Suppose 5*x - a*b = -46, t*x - 11 + 37 = -b. What is n(x)?
17
Let h(z) be the third derivative of z**5/60 + z**4/3 + z**3/3 + 12*z**2. Let n be h(-8). Let s(a) = -14 - a**n - a + 2*a + 4. Determine s(0).
-10
Let g(y) = -2*y + 44. Let d be g(20). Let o(z) = 3*z + 1. Let j(r) = r. Let l(x) = d*j(x) - o(x). Suppose -2*h + 7*h - 10 = 0. Give l(h).
1
Let o(i) = -2*i**3 - i**2 + i + 1. Let f(p) = -11*p**3 - 11*p**2 + 12*p - 1. Let q(x) = -5*x - 130. Let r be q(-25). Let l(g) = r*o(g) + f(g). Calculate l(-7).
-6
Let g = -116 - -122. Let h(b) = -10*b + 41. Give h(g).
-19
Let f(k) = k**3 + 2*k + 2*k**3 - 1 - 4*k - k**3. Suppose 23*b + 56 = 102. Let o be ((-5)/10)/(b/((-4)/(-1))). Calculate f(o).
-1
Suppose -576*b - 57 = -595*b. Let d(s) be the first derivative of 1/4*s**4 - 4*s + 6 - 5/2*s**2 - 5/3*s**b. What is d(6)?
2
Let v(o) = 15*o - 21. Let a(b) = b**3 + 23*b**2 + 56*b - 9. Let z be a(-3). What is v(z)?
24
Let m(j) = -6*j**3 + 2*j**2 + j - 4. Let z be m(1). Let q be 0 + -7 - z - 3. Let u(w) be the first derivative of -w**3 - 3*w**2/2 + 1. What is u(q)?
-18
Let r(q) = 3*q**3 - q**2 + 2*q - 1. Let i(u) = 14*u**3 - 14*u**2 + 3*u - 5. Let g(h) = -i(h) + 5*r(h). Give g(-8).
8
Let y = 193 - 183. Let q(d) = 0*d + d - 4*d + y + 4*d. Let x(c) = c**2 - 1. Let b be x(-1). Determine q(b).
10
Let a(s) = s**3 - 9*s**2 + 14*s - 6. Let u = -8110 + 8118. What is a(u)?
42
Let p(r) be the third derivative of r**4/24 - r**3 - 1084*r**2. Calculate p(9).
3
Let c = -12549 + 12543. Let t(r) = 2*r**2 - 9*r - 25. Determine t(c).
101
Let q(u) = -24*u**3 - 239*u**2 + 168. Let y(d) = 2*d**3 + 20*d**2 - 14. Let k(o) = -2*q(o) - 25*y(o). What is k(-11)?
14
Suppose 869 = 127*z - 51*z - 271. Let i(m) = m**3 - 15*m**2 + m + 3. Give i(z).
18
Let c(l) be the third derivative of -l**8/20160 - l**7/5040 + l**6/48 + l**5/15 + l**3/3 - 71*l**2. Let d(q) be the third derivative of c(q). Calculate d(0).
15
Let b(x) = -2*x**3 - 19*x**2 - 9*x + 4. Let p be b(-9). Let j be ((-2)/p - -2)/(9/24). Let m(q) = 2*q - 7*q - q**2 + 4*q - j. Determine m(0).
-4
Suppose 2*s + 0*w - w - 8 = 0, 2*w = 0. Let f(a) = -s + 15 + 9 + a. Calculate f(-14).
6
Let j(f) be the first derivative of -2*f**2 - f + 4224. Let s be (5 + -4)/(1/(-3)). Determine j(s).
11
Let r(n) = 306*n - 3628. Let l be r(12). Let o(p) = p**3 - 46*p**2 + 88*p - 11. What is o(l)?
-11
Suppose p + 3*p = 8. Let u(o) = -2 + o**2 + 2*o + 4*o + 8 + p*o. Suppose 20*q + 12 = 18*q. Determine u(q).
-6
Let n be -9*(-26)/39 + -12. Let o(v) = v**2 - 32. What is o(n)?
4
Let r(p) = -p**2 - 10*p - 3. Suppose 21 + 15 = 9*s. Suppose -12 - 8 = -s*l. Suppose 4*x + 51 = -l*u, 5*u + 55 + 5 = -5*x. Calculate r(x).
6
Let g(m) = -3*m + 44*m**3 - 3980 + 3980 - 11*m**2 - 43*m**3 + m**2. Let l be (45/(-3))/(3/(-2)). Calculate g(l).
-30
Let q(k) = 23 + 80*k - 41*k**2 - 2*k**3 + 2*k**3 - 99*k - 2*k**3 + 14. Calculate q(-20).
17
Suppose 5*c = -4*i - 21, 4*c - 3*i + 5*i + 18 = 0. Let k be (-4 - -4)/(-4) - (0 - c). Let b(d) = -d**2 - 6*d + 2. Calculate b(k).
7
Let o(j) be the first derivative of j**2 + 15*j - 774. Suppose -4*u + 7 + 5 = 0. Suppose t - g + 15 = -0*g, -4*g = u*t + 10. Determine o(t).
-5
Suppose -8 = 3*c - w + 2, -4*w = -16. Let k(j) = 6*j**2 + 8*j + 7. Calculate k(c).
15
Let f(x) = -1865*x**2 + 13*x + 37 - 1863*x**2 - 1867*x**2 + 5596*x**2. What is f(-8)?
-3
Suppose 4*n - 7 = o, -n + 5*o = -0*n + 22. Suppose 1 = -n*m - 5. Let w(v) = 381*v**3 + 2*v**2 + 3 + 3*v - 187*v**3 - 192*v**3. Give w(m).
-11
Let m(f) = -f**2 - 12*f - 9. Let u be (-10 - -12) + (0 - -1). Suppose 3*y - 16 = -1, u*y + 3 = -2*c. Determine m(c).
18
Let i(q) be the third derivative of -q**4/8 + 9*q**3/2 - 6*q**2. Let b(m) = m**3 - 14*m**2 + 72*m - 567. Let c be b(12). Give i(c).
0
Let d(v) be the first derivative of -v**3/3 + v**2/2 - 35*v + 40. Let x(u) be the first derivative of d(u). Let s = -16 + 13. Give x(s).
7
Let j(o) = o**3 + o**2 + 2*o + 3. Suppose 4*s + 27 = 3*h, -h = -s - 3*s - 33. Determine j(h).
-21
Let w(o) = 138*o - 2. Let f(x) = 171*x - 3. Let u(h) = -4*f(h) + 5*w(h). Determine u(4).
26
Let v(x) = -2*x**3 - 11*x**2 - 8*x + 8. Let d = 288 + -345. Let j be 4/(-38) - (-222)/d. Calculate v(j).
-8
Let z(q) = 7*q**2 - 224*q - 2. Let u = -17091 + 17123. Calculate z(u).
-2
Let w(r) = r**2 - 7*r + 2. Let y be w(3). Let o be 2*y/4*1. Let k(z) = -10*z**2 + 7*z**3 - 4 - z**2 - 8*z**3 + 10 + 6*z**2. What is k(o)?
6
Let u(g) = 102*